**2 + 10*x + 11. Let u(l) = -6*l**2 - 4*l + 16. Let j be u(-6). Let h = j - -185. What is k(h)?
20
Let n(b) = 22*b - 3*b + 27 - 2*b**2 + 3*b**2. Let v be n(-18). Let x(o) = -9 - v*o - 3 - 4 + 17. What is x(1)?
-8
Let p(o) = 1. Let u(d) = -6*d - 7. Let y(r) = 6*p(r) + u(r). Suppose 0 = -9*c + 10*c + 32. Let v = 30 + c. Calculate y(v).
11
Let m = 64 + -69. Let f be 8/12*((-60)/8)/m. Let j(y) = -35*y - 39*y + 72*y. Give j(f).
-2
Let g(y) = 5*y + 24. Let w(t) = t**2 + 56*t + 574. Let f be w(-42). Determine g(f).
-46
Suppose 3*c - 4*t - 252 = 0, 302 = 4*c - 2*t - 24. Let z be (-4)/14 + c/35. Let o(y) = 19*y**z + 6 + 0*y - 18*y**2 + 6*y. Give o(-4).
-2
Let d = 11 - 9. Suppose -20 = -41*l + 31*l. Let b(j) = 31*j**2 - 61*j**l + 29*j**2 + 5*j - 4*j. Give b(d).
-2
Let m(f) = f**2 + f. Let x(y) = 9. Let a(s) = 2. Let u(l) = 2*l**2 - 9*l - 4. Let n be u(5). Let d(v) = n*x(v) - 4*a(v). Let b(t) = -d(t) + m(t). What is b(0)?
-1
Let i(h) = 0*h**2 + 3 - 8*h + 8 + h**2 - 9. Suppose -5*u + 11 = 4*w, 4*u = w + 27 + 7. Determine i(u).
-5
Let l(o) = 5*o**3 + o**2 - 6*o + 2. Let p = 15 - -18. Let c = p + -37. Let m(h) = -4*h**3 + 6*h - 3. Let r(u) = c*m(u) - 3*l(u). Give r(4).
-2
Let q(z) = -z**3 + 20*z**2 - 9. Let k(h) = -2*h**3 + 38*h**2 - 17. Let o(n) = 3*k(n) - 5*q(n). Determine o(14).
-6
Let l(a) = -a**2 - a + 20. Let b be (-30)/150 - (9/30 + 1/(-2)). Calculate l(b).
20
Let z(k) be the first derivative of k**2 + 2*k + 2. Let t be -17 + 63*(-34)/(-119). Calculate z(t).
4
Let b(j) = -5*j + 126*j**3 - 340*j**3 + 94*j**3 - 4 + j**2 + 119*j**3 - 4. Give b(5).
-133
Let d(t) be the first derivative of t**3/3 + 4*t**2 - 19*t + 1498. Give d(2).
1
Let t(b) = 10*b**3 - 199*b**2 + 3*b + 196*b**2 - 2 - 6*b**3. Calculate t(2).
24
Let m(g) = -186*g - 235*g + 428*g - 105. Determine m(0).
-105
Let u be 2/8 - (-1570)/(-8). Let d = -202 - u. Let k(o) = -o**3 - 7*o**2 - 7*o - 6. Calculate k(d).
0
Let r(a) be the second derivative of a**5/20 + a**4/12 - a**3/3 + 7*a - 11. Let w(o) = -3*o**3 - 11*o**2 + 3. Let m(t) = -4*r(t) - w(t). Determine m(8).
-3
Let r(z) be the third derivative of -z**5/60 - 9*z**4/8 - 19*z**3/3 - 4047*z**2. What is r(-26)?
-12
Suppose -391 = 2*a - 411. Let j(m) = 4*m - 15*m - 10*m**2 - 8 - m**3 + a*m. Determine j(-10).
2
Let i = -9711 + 9701. Let k(t) = 9*t + 96. Determine k(i).
6
Let l(f) = -3*f - 17. Let b = -190 + 197. Suppose b*j - 16 = -65. Calculate l(j).
4
Let a be 5 - (4/12)/((-4)/(-36)). Let v(z) = z**3 + 34 + 0*z**3 - 69*z + 13*z**a + 57*z. Calculate v(-14).
6
Suppose d - 2*b = 7 + 4, -2*d = -5*b - 27. Let a = d - 6. Let t(h) = -h**2 - 2*h + 1. Calculate t(a).
-14
Let v(h) = -6*h**3 + 3*h**2 - 2. Suppose -3*d = -2*d - 3*u - 302, d = -3*u + 302. Let p = 301 - d. Calculate v(p).
7
Let p(q) = q**3 + 11*q**2 - 11*q + 18. Suppose -293*y - 36 = -290*y. Give p(y).
6
Suppose -6*d + d = 4*w - 28, w - 2*d = 20. Let h(z) = -403*z + 6*z**2 + 10 + 402*z + 6*z**2 - z**3. What is h(w)?
-2
Let a(s) be the first derivative of 4*s**3/3 + 25*s**2 + 102*s + 13068. Give a(-2).
18
Let g(o) = -o**3 - 16*o**2 + 9*o - 3. Let m be -15 + (-48)/36 + (-2 - 8/(-6)). Give g(m).
133
Suppose -t - 2*t = 0. Let u(x) = 2*x - 33*x**2 + 5 - 21*x**2 + x**3 + 54*x**2. Let n be u(t). Let v(c) = c**3 - 5*c**2 - c. Give v(n).
-5
Let n(k) = -7*k + 1. Suppose 0 = -10*h - 825 - 365. Let c = 121 + h. What is n(c)?
-13
Let b(c) = -31 + 25*c - 26*c + 19. Determine b(-13).
1
Let u(t) be the third derivative of t**6/120 + 3*t**5/20 + 11*t**4/12 + 37*t**3/6 - 4*t**2 - 97*t - 4. Calculate u(-6).
13
Suppose -49 = -3*l + 20. Let k = l + -23. Suppose k = y - 10 + 6. Let z(u) = -2*u - 3. What is z(y)?
-11
Let c(w) = w**2 + 5*w - 7. Let f(i) = i**3 - 97*i**2 - 402*i - 207. Let j be f(101). What is c(j)?
-7
Let f be ((-6)/9)/((-2)/(-15)). Let z = -53 - -56. Let t(x) = x**2 - 4*x**2 - 4*x - x**2 + z*x**2. What is t(f)?
-5
Let l(w) = w**3 - 8*w**2 - 6*w + 13. Let q(f) be the second derivative of -f**4/12 + 29*f**3/6 - 129*f**2/2 + 5*f - 17. Let u be q(6). What is l(u)?
40
Let v = -78 + 78. Suppose -4*h + h = 4*b - 12, v = b - 4*h - 3. Let k(p) = b - 2*p - 3 - 6 + 3. Calculate k(-5).
7
Let g(k) be the first derivative of k**3/3 - 4*k**2 - 19*k - 5612. Calculate g(12).
29
Let w(n) = 60 + n - 154*n**2 + 314*n**2 - 158*n**2 - 61. Suppose 4*c + 8 = -0*c. Give w(c).
5
Let x(k) = -5*k**2 - 27*k - 5. Let s be x(-5). Suppose -t + 4 = -3. Suppose 0 = t*b + s*b. Let u(g) = -g + 12. Calculate u(b).
12
Suppose z - 3 + 10 = 0. Let y(b) = 11*b**3 - 137*b**2 + 55*b + 621. Let q(k) = k**3 - 12*k**2 + 5*k + 55. Let f(u) = -45*q(u) + 4*y(u). Give f(z).
-5
Let z(m) = -4*m - 6. Suppose 12 = -2*d + 4*d. Let s(a) = -2*a - 7. Let x(r) = d*z(r) - 5*s(r). Determine x(-1).
13
Let z(p) = -2*p**2 - 2*p + 85. Let m(n) = -n**2 - n + 43. Let v(y) = -5*m(y) + 3*z(y). Let f be v(0). Let i = -38 + f. Let t(k) = -k**2 + k - 2. Determine t(i).
-4
Let b(h) be the second derivative of h**7/840 - h**4/6 - h**3/6 - 7*h**2 + 61*h. Let u(c) be the second derivative of b(c). What is u(0)?
-4
Suppose 5*d = 4*a - 18 - 12, -3*d - 6 = 0. Suppose 8*h - 9*h + a = 0. Suppose 2*p - 2*k - 2*k + 6 = 0, h*k = 0. Let j(f) = -3*f - 3. What is j(p)?
6
Let z be ((-4)/(-5))/((-38)/(-2850)). Let v(w) = 63*w - w**2 - z*w + 2 + 0*w**2. Let m(p) = p**3 + 4*p**2 + p - 2. Let x be m(-3). Calculate v(x).
-2
Let r(z) = 211*z**2 - z + 73. Let w(p) = -30*p**2 - 3*p. Let y(c) = r(c) + 7*w(c). Calculate y(4).
1
Let l(y) = -y**3 - 9*y**2 - 11*y - 9. Let n be (69/15 + -7)*(-30)/(-9). Calculate l(n).
15
Let p(y) = -y**3 - 8*y**2 - 3*y - 8. Let k(s) = 2 + 15*s - 24 - 38. Let j be k(8). Suppose j - 28 = -4*u. Determine p(u).
16
Let r(j) = -j**3 - 40*j**2 + 84*j - 5. Let c be r(-42). Let l be (9 + c + -14)/(-2). Let i(x) = -x**3 + 4*x**2 + 2*x + 3. What is i(l)?
-12
Let j(v) = 6 - 2063777*v - 7 + 2063776*v. Let s(b) = b**2 + b - 2. Let h be s(2). Suppose -2 + h = -2*f. Determine j(f).
0
Let s(z) be the third derivative of -z**4/12 - 17*z**3/6 - 12*z**2 + 11. Determine s(-13).
9
Let t(u) = 0 + 2 + u**2 - u**3 + 2 - 5*u**2. Let x be (((-12)/9)/4)/(2/(-24)). Suppose 0 = q + x*g + 23, -37 = q + g - 29. What is t(q)?
-5
Let j(w) = 244*w - 48. Let l(t) = -127*t - 1. Let b(r) = -j(r) - 2*l(r). Calculate b(-12).
-70
Suppose 3*f = 2*f, 0 = d - 2*f + 4. Suppose -4*l - 5*y = -73, -3*l + 5*y = 2*l - 35. Let k(h) = -3 + h + h - l*h + 8*h - h**3 - 4*h**2. What is k(d)?
5
Let d be 11/44 + 11/4. Let i = d + 9. Suppose -6*t + i = -4*t. Let u(g) = g**3 - 5*g**2 - 8*g - 5. What is u(t)?
-17
Let s(w) = -w**3 - 4*w**2 + 12*w + 29. Suppose 257*y - 270*y = 39. What is s(y)?
-16
Suppose -6*j + 40 = 10. Suppose -j*m = q + 5, -2*q + m - 10 = 2*m. Let a(b) = b**2 + 5*b + 5. Give a(q).
5
Let o(x) be the first derivative of -x**2 - 22*x - 3087. What is o(-9)?
-4
Let n(s) = -527 + 2*s**3 + 1023 - 21*s + 0*s**3 - 30*s**2 - 521. Let q(l) = l**3 - 14*l**2 - 10*l - 12. Let p(m) = 3*n(m) - 7*q(m). Determine p(9).
-9
Suppose 3*q - v = 1613, 2*v + 536 = 47*q - 46*q. Let h = 526 - q. Let z(x) = -x**3 - 12*x**2 + x + 12. What is z(h)?
0
Let q(j) = j**3 + 2*j**2 + 2*j - 19. Let b(l) = -l**3 - 3*l**2 - 4*l + 24. Let i(w) = -2*b(w) - 3*q(w). What is i(0)?
9
Suppose 5*p = y + 6, 4*p + 3*y + 2*y - 28 = 0. Suppose -p - 1 = -k, -2*k = m - 96. Let q(x) = 2 - 47*x + 6*x**2 - 45*x - x**3 + m*x. What is q(6)?
-10
Suppose 0 = 2*w + 4*t - 46, -t + 79 = 3*w - 0*w. Suppose 5*k - w = -17. Let f(i) = k*i - 2*i + 13*i**3 - 6*i**3 + 1 - 2*i**2. What is f(-1)?
-8
Let v be 70 - 73 - (-5 - (-2)/(-2)). Let h(t) be the second derivative of t**3/6 - t**2 - 158*t + 1. Determine h(v).
1
Let w(b) be the second derivative of -b**4/6 + 53*b**3/6 + 18*b**2 - 445*b + 2. Calculate w(27).
9
Let t be (-3)/(1*-6) + 3 + (-4715)/410. Let w(u) = 9*u + 29. Suppose -j - 13 = -6. Let x(k) = -4*k - 15. Let z(y) = j*x(y) - 3*w(y). Calculate z(t).
10
Suppose 0 = -2*x - 4*m + 12, -m = -1 - 0. Suppose 0 = 3*t - 2*t - 2*l + x, -5*l + 11 = -2*t. Let a(i) = -36 - 36 + t*i + 69. Determine a(2).
1
Let n(l) = 94*l**2 - 27*l - 4. Let a(b) = 27*b**2 - 9*b - 1. Let m(v) = 7*a(v) - 2*n(v). Let q(x) = x. Let z be q(8). What is m(z)?
-7
Let s(q) = 16*q + 3 - 9 - 12*q. Let b be (8/(-60) - (-44)/(-30))*10. Let j be 0*(-4)/b - -4. Determine s(j).
10
Let p be (6/3 - 2)/(51 - 52).